q) + 3*f(q). Suppose k + 2*k + 12 = x, 3*x = 5*k + 28. Calculate w(x).
-4
Let o(q) be the third derivative of -q**6/60 + 7*q**5/60 + 7*q**4/24 - q**3/6 + 45*q**2. Let h(u) = u**2 + u. Let z(x) = 6*h(x) - o(x). Determine z(1).
1
Suppose -5*l - 4*n + 204 = 0, 4*n + 1 = -15. Let j = l - 39. Let o(q) = -q**3 + 6*q**2 - 4*q - 5. Give o(j).
0
Let k be 6/(-21)*(-42)/3. Suppose -25 = -3*j - k. Let d(z) = -z**2 + 7*z. Give d(j).
0
Let v(q) = -78*q + 57*q + 33*q. Determine v(-2).
-24
Let m(b) = -b**3 - 5*b**2 - 3*b - 1. Let l = -36 + 42. Let t be (3/l)/(3/(-18)). Give m(t).
-10
Let f(s) = 9*s**3 + 14*s**2 - s - 20. Let w(h) = -7*h**3 - 14*h**2 + h + 19. Let v(c) = 3*f(c) + 4*w(c). Determine v(-14).
2
Let v(d) = 62*d**3 + 7*d**2 - 3*d. Let i(c) = -20*c**3 - 2*c**2 + c. Let a(l) = -7*i(l) - 2*v(l). Determine a(1).
15
Let y(m) = -2*m**2 + 10*m - 17. Let w be y(5). Let u = 18 + w. Let j(v) = 4*v**2 - 1. What is j(u)?
3
Suppose 8*j = -8 + 24. Let l(x) be the second derivative of 1/6*x**3 - x**2 + 0 - j*x. What is l(3)?
1
Let t(i) = i**2 + 7*i + 6. Let j = 66 + -61. Let a be (-5 - (3 - 2)) + (4 - j). Give t(a).
6
Let t(w) = -w + 6. Suppose 3*p = -p + 8. Let q be (-1)/((8/p)/(-80)). Suppose -q = 2*o - 6*o. Give t(o).
1
Suppose -2*j - 6 = 0, -13 = -2*m + 2*j - 1. Let z(n) = -3 + 0*n - m*n + 5*n + n**2. Give z(2).
5
Let m(s) = 8*s + 0*s + 0*s - 7*s. Determine m(0).
0
Let v be (-140)/(-30)*6/7. Suppose 0 = 5*g + v*g - 54. Let z(b) = b**3 - 7*b**2 + 5*b - 7. Give z(g).
-13
Let z(o) = 4*o + 27 - 17 - 5*o + 0*o. Determine z(5).
5
Suppose -3*i = 2*v - 4 - 12, i + 2*v - 12 = 0. Let o(u) = 77*u**2 - 36*u**i - 1 - 40*u**2. Give o(-1).
0
Suppose 0 = -3*d + 2*w - 4, 2*d + 3*w + 8 = 3*d. Let s(g) = -127*g - 130*g - 2 + 255*g. Calculate s(d).
6
Let d(s) = -3*s + 6. Suppose 0 = -4*h + 2*u + 18, -6*h - 4*u + 34 = -4*h. Suppose -3*x = k - 29 + h, 0 = -5*x - 5*k + 50. Determine d(x).
-12
Let i(k) be the first derivative of k**3/3 - k**2/2 - 2*k + 7. Suppose -2*z + 0*n + 3*n = -11, 0 = z + 4*n. Suppose -5 - 11 = z*y. Determine i(y).
18
Let x(u) = -u**3 - 6*u**2 + 7*u + 1. Let j(m) = 16*m**2 - 1. Suppose 4*p - 4 = -0*p. Let r be j(p). Suppose -d - r = 2*k, -2*d - k = -2*k + 10. Calculate x(d).
1
Suppose -p = -s - 2*p + 1, 3*s - p - 11 = 0. Let m(v) = -s*v + 1 - v**2 - 2*v**3 - 6 - 2*v**2 + 2. Determine m(-2).
7
Let d = 1000 - 1006. Let v(o) = -o**3 - 6*o**2 + 4*o + 9. Calculate v(d).
-15
Suppose 15*j + 24 - 24 = 0. Let q(o) = -o - 24. Determine q(j).
-24
Let k(q) = -3*q. Let a(f) = -4*f + 1. Let h(s) = -2*a(s) + 3*k(s). Let m be h(1). Let p(x) = 3*x. What is p(m)?
-9
Let l(q) = q**2 - 81*q + 885. Let x be l(13). Let i(n) = n + 1. Let h(c) = -4*c - 3. Let v(g) = -h(g) - 3*i(g). What is v(x)?
1
Let z(y) = 9*y**2 + 33*y - 2. Let n(p) = 5*p**2 + 18*p - 1. Let m(v) = -11*n(v) + 6*z(v). What is m(3)?
-10
Let r(g) = -g**3 + 5*g**2 + g - 1. Let o = -25 - -28. Suppose o*m = -0*m + 45. Suppose k - 2*l - 3*l = m, 0 = -l - 2. Calculate r(k).
4
Let k(n) = n**3 - 7*n**2 + 7*n - 4. Let g be k(6). Suppose -g*i + 0*i = -16. Suppose 5 = -9*j + i*j. Let h(y) = -y**2 - 5*y + 1. Give h(j).
1
Let y(b) = b**3 + 8*b**2 - 10*b - 9. Suppose 148 = -5*q - h, 3*q - h = q - 55. Let r = q + 20. Give y(r).
0
Suppose -3*i = -2*y - 34, 0 = 2*i - i + 5*y. Let s = i - 7. Let k(w) = -5*w**3 - 2 - 6*w**2 + 4*w + 2*w + 6*w**s - 3*w. What is k(5)?
-12
Let s(y) = -7*y**2 + 3*y**3 - 8*y - 3 - 2*y**3 + y + 14*y - 1. Determine s(5).
-19
Suppose 11*v - 10*v - 2 = 0. Let y(u) = 2*u**v - 6*u**3 - 4 + 8 + 0*u**2 - 5. Give y(-1).
7
Let t(o) = o**3 + 4*o**2 - 5*o + 4. Suppose 8*a = 11*a + 15. Give t(a).
4
Let q(b) be the first derivative of -3*b - 1/2*b**2 - 1/3*b**3 + 27. Determine q(3).
-15
Let y(b) = b**2 + 10*b - 1. Suppose -68*s - 111 = 365. Give y(s).
-22
Let r(h) = 2*h + 2. Let f be r(-4). Let a(o) be the third derivative of -o**4/6 - 4*o**3/3 + 2*o**2. Give a(f).
16
Let o(c) be the second derivative of c**3/3 + 11*c**2/2 + 3*c - 27. Give o(-8).
-5
Let k(v) = -v + 18 + 0*v - 5. Let s be k(7). Let r be 0*(-2 - (3 - s)). Let b(x) = -x. Calculate b(r).
0
Let t(n) = n. Let w be 0*(-3)/6*4/(-6). Determine t(w).
0
Let t = 44 - 64. Let f = -20 - t. Let c(a) = a + 13. Calculate c(f).
13
Let u = -514 - -514. Let g(c) be the second derivative of u - c**2 + 1/2*c**3 + 2*c. Calculate g(5).
13
Let x = -137 - -141. Let i(a) = a**2 - 4. Determine i(x).
12
Let z(m) = -m - 2. Let v = -8 + 8. Suppose -d = -v*d + 6. Let s be 25/(-9) - d/(-27). What is z(s)?
1
Let h(z) be the first derivative of z**4 + 2*z**3/3 - z**2/2 + z - 52. Give h(1).
6
Let g(s) be the first derivative of -s**2/2 + s - 194. Calculate g(-1).
2
Let u(k) = k**2 - 7*k - 1. Let i be (10/30)/(2*(-4)/(-192)). What is u(i)?
7
Suppose -40 = -3*t - t. Let z(i) = -4 + t*i**2 - 14*i**2 + 3*i**2 + 5*i. What is z(5)?
-4
Let o(r) = -10*r - 1 - 24*r + 7*r**2 + 37*r - r**3. What is o(7)?
20
Let k(a) = a - 7. Let f be (-8)/(-6)*(17 - 14). Suppose -4*n - f*p = -36, -3*n = -5*n - 4*p + 20. What is k(n)?
1
Let g(z) be the third derivative of -z**4/24 - z**3/2 - z**2. Suppose -8*m - 72 = -16*m. Let i be ((m + -5)/4)/((-2)/(-6)). What is g(i)?
-6
Let t be 1 + 48 - (0 + -1). Let r be 4/18 - t/(-18). Let d(f) = -15*f**2 + 110*f**2 - 3 - 94*f**2. Give d(r).
6
Let r(f) = -5 + 2*f + 0*f - 2. Let b be 2/8 - (-168)/(-32). What is r(b)?
-17
Suppose -4*g + 34 = -6*g. Let i(c) = -9*c**3 + 6*c**2 + 3*c. Let o(j) = 3*j**3 - 2*j**2 - j. Let l(p) = g*o(p) - 6*i(p). Let t = -7 + 6. What is l(t)?
-4
Let k = 50 + -20. Let h(u) = -8*u**2 - u**3 - 39*u + k*u - 2*u**2. Give h(-9).
0
Let a(k) = k**3 - 7*k**2 - 7*k - 10. Suppose 5*s = 4*z + 8, 0 = -s - 2*z + z + 7. Suppose s = -0*i + 3*i - 5*o, 0 = 5*i + 5*o - 60. What is a(i)?
-2
Let a(h) be the second derivative of 5*h**3/6 + 3*h**2/2 + 23*h + 1. What is a(12)?
63
Let y(k) = k**2 + 11*k - 2. Let v(x) = 58*x + 164. Let i be v(-3). Give y(i).
-12
Let a be 7 - ((-3 - -7) + -5). Suppose a*c = 9*c - 3. Let x(s) = 0*s**2 - 6*s + s**2 - s + 2 + 0*s. Calculate x(c).
-10
Let l(s) = 2*s + 2. Suppose 0 = -3*f + 3 + 6. Suppose n - 16 = 3*y - 3, 0 = -f*n + 3*y + 63. Suppose -4*m = -x + 6 - n, 3*x + 2*m + 1 = 0. Calculate l(x).
-4
Let a(h) be the second derivative of -1/12*h**4 + 4/3*h**3 - 5*h**2 + 0 + 34*h. Let i(x) = -x**2 - 7*x - 3. Let c be i(-5). What is a(c)?
-3
Let v(z) be the second derivative of 46*z - 1/2*z**4 + 3/2*z**2 - 1/20*z**5 + 1/6*z**3 + 0. Give v(-6).
-3
Let n(x) = x + 1158 - 2*x + 4*x + 1165 - 2314. Calculate n(-5).
-6
Let d(c) = c**3 + 4*c**2 + 7*c + 9. Let t be 3 - (-26 + 8)/(-3). Calculate d(t).
-3
Let p be 1 + (-1 + 2)*(5 - 4). Let w(g) = -g - 5*g**p - 12*g + 3*g + 9*g. Determine w(1).
-6
Suppose 4*y = -0*y + y. Let k(d) = 2*d + 13. Calculate k(y).
13
Let t(v) = -v - 5. Let d be t(-7). Let l(x) = -1 - 44*x**2 + 81*x**d - 2*x - 38*x**2. Let s(f) = f**2 - 6*f - 2. Let b be s(6). What is l(b)?
-1
Let y(n) = 0 - n - 1 - n**2 + 5*n. Let p(r) = 70*r + 73. Let u be p(-1). Calculate y(u).
2
Let n(c) = 30*c + 1. Let q = 1109 + -1108. Give n(q).
31
Let b(v) = 1 - 2*v - 340*v**3 - 2*v**2 + 342*v**3 - 2. Let d(y) = -1 + y + 0 + 0. Let f be d(0). Calculate b(f).
-3
Let i(s) = 28*s - 4*s - 18*s - 9*s. Calculate i(-1).
3
Let c(b) = 5*b - 24. Let s be c(5). Suppose -3*y - 22 = -s. Let f(g) = g**2 + 7*g - 2. Calculate f(y).
-2
Let g(o) = -3*o + 11. Let q(n) = 2*n - 8. Let l(a) = 5*g(a) + 7*q(a). Suppose 4*v - 2*v = -12. Give l(v).
5
Let t(g) = -7*g**2 - 3*g + 13. Let w(o) = 14*o**2 + 5*o - 22. Let f(y) = 5*t(y) + 3*w(y). What is f(-1)?
6
Suppose 5*l + 2*y + 70 = 0, 6*l - 5*l - 3*y = -31. Let c(h) = h**3 + 15*h**2 - 19*h - 53. Calculate c(l).
-5
Let x(r) = -r + 15. Let n be x(8). Let v(l) = 2*l**2 - 5 + n - 4*l + 3*l**2 + l**3. Suppose -p = 4*a + 10, -3*a = -2*p - 4*a - 13. Determine v(p).
-10
Suppose -l - 24 = -2*t, -4*t - t - 3*l = -82. Let q(y) = y**2 - 13*y - 27. Give q(t).
-13
Let f(z) be the first derivative of -z**4/4 + 4*z**3/3 + 2*z**2 - 5*z + 1. Let b be (45/(-18))/((-2)/4). What is f(b)?
-10
Let g be 4/10 - 10/25. Let i(r) = -3 + g + 7*r + 3. What is i(-1)?
-7
Let r(g) be the third derivative of g**9/60480 - 7*g**6/720 + 13*g**5/20 - 22*g**2. Let v(l) be the third derivative of r(l). Suppose -m = -2*m. Determine v(m).
-7
Let x(l) = -l**3 + 10*l**2 - 7*